r of 177588 and 432?
36
Calculate the greatest common factor of 38190 and 60.
30
What is the greatest common divisor of 91 and 238?
7
What is the highest common factor of 10640 and 8265?
95
What is the greatest common factor of 13700 and 1700?
100
What is the highest common divisor of 810832 and 528?
176
Calculate the highest common divisor of 533 and 13325.
533
Calculate the highest common divisor of 105 and 203945.
35
What is the greatest common divisor of 102 and 4722?
6
Calculate the highest common divisor of 1343537 and 13.
13
What is the greatest common divisor of 5 and 1526335?
5
Calculate the highest common factor of 19040 and 224.
224
What is the highest common factor of 1710 and 36480?
570
What is the highest common divisor of 49035 and 140?
35
Calculate the greatest common divisor of 1149874 and 22.
22
What is the greatest common factor of 3982 and 2896?
362
Calculate the highest common factor of 9 and 26001.
9
What is the highest common divisor of 33580 and 58420?
460
What is the highest common factor of 33300 and 240?
60
Calculate the highest common divisor of 33853 and 19544.
349
What is the greatest common factor of 228 and 133228?
76
Calculate the greatest common factor of 44688 and 96.
48
What is the highest common factor of 4021 and 53?
1
What is the highest common divisor of 104881 and 14?
7
Calculate the greatest common factor of 106691 and 377.
377
What is the highest common divisor of 23193 and 648?
27
Calculate the highest common divisor of 5456 and 348392.
88
What is the highest common divisor of 2611 and 889?
7
Calculate the greatest common factor of 36417 and 2623.
61
Calculate the greatest common factor of 1400 and 5145.
35
Calculate the greatest common factor of 27 and 2817.
9
What is the greatest common factor of 432 and 701514?
54
What is the greatest common divisor of 118696 and 259?
37
What is the highest common divisor of 3421 and 2354?
11
What is the highest common divisor of 135 and 808002?
27
What is the greatest common divisor of 902 and 235873?
451
What is the highest common factor of 123 and 39?
3
What is the greatest common factor of 1935 and 5048415?
1935
Calculate the highest common factor of 81 and 17721.
9
What is the greatest common factor of 4680 and 77480?
520
What is the greatest common factor of 94998 and 852?
426
What is the highest common divisor of 1282596 and 420?
84
Calculate the highest common divisor of 540 and 4374.
54
What is the highest common divisor of 49 and 114611?
49
What is the highest common divisor of 7353 and 63468?
387
Calculate the highest common factor of 458055 and 92655.
1305
Calculate the highest common factor of 5883680 and 16.
16
What is the highest common divisor of 1926 and 269319?
321
What is the highest common divisor of 294 and 70070?
98
What is the highest common factor of 1956977 and 11?
11
What is the highest common factor of 12337 and 4771?
13
Calculate the greatest common factor of 102485 and 1545.
515
Calculate the greatest common divisor of 61390 and 42.
14
What is the highest common factor of 16827 and 852?
213
What is the highest common divisor of 8688 and 2364?
12
What is the greatest common divisor of 160 and 29080?
40
Calculate the greatest common factor of 110 and 118822.
22
Calculate the highest common factor of 15984 and 4356.
36
Calculate the highest common factor of 33437 and 232.
29
What is the greatest common divisor of 23572 and 15052?
284
Calculate the highest common divisor of 232 and 621064.
232
What is the highest common factor of 213822 and 14?
14
Calculate the highest common divisor of 120055 and 1495.
65
What is the highest common factor of 280 and 364?
28
What is the highest common factor of 478665 and 5?
5
Calculate the highest common divisor of 313 and 13010784.
313
What is the greatest common factor of 3334475 and 25?
25
What is the greatest common factor of 762 and 222250?
254
What is the highest common factor of 225 and 7025?
25
Calculate the greatest common factor of 90 and 926.
2
Calculate the greatest common factor of 82274 and 2480.
62
What is the greatest common divisor of 132 and 193996?
44
What is the highest common factor of 270788 and 2128?
532
What is the highest common divisor of 4008 and 144?
24
What is the highest common divisor of 125 and 4450?
25
Calculate the greatest common divisor of 878991 and 207.
69
What is the greatest common divisor of 104300 and 100?
100
Calculate the highest common factor of 730 and 28250.
10
Calculate the greatest common divisor of 13478 and 586.
586
Calculate the highest common divisor of 82 and 22837.
41
What is the highest common factor of 354622 and 1686?
562
What is the highest common factor of 28090 and 190?
10
What is the highest common factor of 956 and 14682726?
478
Calculate the greatest common factor of 12544 and 3328.
256
Calculate the greatest common divisor of 1212 and 26058.
606
Calculate the greatest common divisor of 1600801 and 9959.
433
What is the highest common divisor of 688 and 4171?
43
Calculate the greatest common factor of 1955 and 5060.
115
What is the greatest common divisor of 3016 and 25272?
104
What is the greatest common factor of 16441 and 2807?
401
What is the highest common factor of 1065 and 141858?
213
What is the highest common factor of 22818 and 18?
6
Calculate the greatest common divisor of 80 and 336920.
40
What is the highest common divisor of 21439 and 330?
11
What is the greatest common divisor of 466617 and 3?
3
Calculate the highest common divisor of 252653 and 292.
73
Calculate the greatest common divisor of 4278 and 278814.
186
What is the highest common divisor of 55136 and 288?
32
Calculate the highest common factor of 185768 and 64.
8
What is the greatest common divisor of 138729 and 3883?
353
Calculate the highest common divisor of 325 and 1177475.
325
Calculate the greatest common factor of 7503 and 1891.
61
Calculate the greatest common divisor of 3729 and 47487.
33
Calculate the greatest common divisor of 93681 and 27.
9
Calculate the highest common factor of 833545 and 94.
47
Calculate the highest common divisor of 116718 and 210.
42
Calculate the highest common factor of 2740 and 172.
4
Calculate the greatest common divisor of 5 and 2560505.
5
Calculate the highest common divisor of 230480 and 380.
20
What is the greatest common factor of 8892 and 6916?
988
Calculate the greatest common divisor of 112 and 11136.
16
Calculate the greatest common divisor of 24 and 42040.
8
What is the highest common factor of 244 and 500?
4
What is the highest common divisor of 688 and 256?
16
Calculate the greatest common factor of 12 and 2816988.
12
What is the highest common divisor of 31 and 1240?
31
Calculate the highest common factor of 875872 and 96.
32
Calculate the highest common factor of 30282 and 154.
14
Calculate the highest common factor of 12650 and 1400.
50
What is the greatest common factor of 77204 and 4?
4
Calculate the greatest common factor of 522 and 223764.
174
What is the greatest common factor of 2365 and 232931?
43
Calculate the highest common divisor of 13 and 362453.
13
What is the highest common factor of 912 and 10298?
38
What is the greatest common factor of 445 and 539429?
89
What is the highest common divisor of 11782 and 19454?
274
What is the highest common factor of 10722 and 12?
6
Calculate the highest common factor of 38144 and 4352.
256
Calculate the greatest common factor of 1380 and 248170.
230
Calculate the highest common divisor of 161 and 25691.
23
What is the highest common factor of 135513 and 239?
239
What is the greatest common factor of 906 and 1859414?
302
What is the highest common factor of 199 and 3958707?
199
Calculate the greatest common factor of 11359 and 148.
37
What is the highest common divisor of 2671850 and 50?
50
Calculate the greatest common factor of 36498 and 3871.
553
What is the highest common divisor of 26692 and 60?
4
What is the greatest common divisor of 224 and 62706?
14
What is the highest common divisor of 12488 and 1918?
14
What is the highest common factor of 8 and 353048?
8
What is the highest common divisor of 18226 and 26?
26
Calculate the greatest common factor of 217 and 105679.
217
What is the highest common factor of 6293 and 21483?
217
Calculate the highest commo